{"id":176,"date":"2017-05-10T14:43:52","date_gmt":"2017-05-10T13:43:52","guid":{"rendered":"http:\/\/cceroset.fr\/?page_id=176"},"modified":"2024-11-29T10:37:18","modified_gmt":"2024-11-29T09:37:18","slug":"autre","status":"publish","type":"page","link":"https:\/\/cceroset.fr\/?page_id=176","title":{"rendered":"Vente de Parfums"},"content":{"rendered":"\n<p class=\"has-text-color has-large-font-size\" style=\"color:#a3000d\"> <\/p>\n\n\n\n<p class=\"has-text-color has-large-font-size\" style=\"color:#a3000d\">information importante <\/p>\n\n\n\n<p class=\"has-text-color\" style=\"color:#7200a3\">Nous vous informons qu&rsquo;\u00e0 partir du mois de janvier 2025,votre comit\u00e9 n&rsquo;interviendra plus sur le regroupement des commandes des parfums du site PARFUMERIE PRIVEE.Il faudra donc aller directement sur le site,commander et payer en ligne pour les personnes rattach\u00e9es au CE ROSET.<\/p>\n\n\n\n<p class=\"has-text-color\" style=\"color:#7200a3\">Nous vous rappelons en outre, que le magasin NOCIBE \u00e0 Amb\u00e9rieu-en-Bugey (01) offre aux salari\u00e9s Roset, sur pr\u00e9sentation de votre badge ou carte, une remise de 10% sur les parfums et 15% sur les soins.<\/p>\n\n\n\n<p class=\"has-text-color\" style=\"color:#7200a3\">L&rsquo;\u00e9quipe du CE<\/p>\n\n\n\n<p><\/p>\n\n\n<p>\u00a0<\/p>\n<h2><span style=\"color: #000080;\"><strong><em>Pour vos commandes<\/em><\/strong><\/span><\/h2>\n<h1><span style=\"color: #000080;\"><strong>Cliquer sur le lien ci-dessous.<\/strong><\/span><\/h1>\n<p><a href=\"https:\/\/www.parfumerie-privee.com\/?signupcode=parfum3132\">https:\/\/www.parfumerie-privee.com\/<\/a><\/p>\n<p><span style=\"color: #000080;\"><strong>Utilisateur : ariane<\/strong><\/span><\/p>\n<p><span style=\"color: #000080;\"><strong>Mot de passe : parfum3132<\/strong><\/span><\/p>\n\n\n<p><\/p>\n","protected":false},"excerpt":{"rendered":"<p>information importante Nous vous informons qu&rsquo;\u00e0 partir du mois de janvier 2025,votre comit\u00e9 n&rsquo;interviendra plus sur le regroupement des commandes des parfums du site PARFUMERIE PRIVEE.Il faudra donc aller directement sur le site,commander et payer en ligne pour les personnes <a class=\"more-link\" href=\"https:\/\/cceroset.fr\/?page_id=176\">Lire plus &#8230;<\/a><\/p>\n","protected":false},"author":1,"featured_media":0,"parent":0,"menu_order":0,"comment_status":"closed","ping_status":"closed","template":"","meta":{"footnotes":""},"class_list":["post-176","page","type-page","status-publish","hentry"],"_links":{"self":[{"href":"https:\/\/cceroset.fr\/index.php?rest_route=\/wp\/v2\/pages\/176","targetHints":{"allow":["GET"]}}],"collection":[{"href":"https:\/\/cceroset.fr\/index.php?rest_route=\/wp\/v2\/pages"}],"about":[{"href":"https:\/\/cceroset.fr\/index.php?rest_route=\/wp\/v2\/types\/page"}],"author":[{"embeddable":true,"href":"https:\/\/cceroset.fr\/index.php?rest_route=\/wp\/v2\/users\/1"}],"replies":[{"embeddable":true,"href":"https:\/\/cceroset.fr\/index.php?rest_route=%2Fwp%2Fv2%2Fcomments&post=176"}],"version-history":[{"count":20,"href":"https:\/\/cceroset.fr\/index.php?rest_route=\/wp\/v2\/pages\/176\/revisions"}],"predecessor-version":[{"id":11390,"href":"https:\/\/cceroset.fr\/index.php?rest_route=\/wp\/v2\/pages\/176\/revisions\/11390"}],"wp:attachment":[{"href":"https:\/\/cceroset.fr\/index.php?rest_route=%2Fwp%2Fv2%2Fmedia&parent=176"}],"curies":[{"name":"wp","href":"https:\/\/api.w.org\/{rel}","templated":true}]}}