{"id":186,"date":"2017-05-10T14:52:25","date_gmt":"2017-05-10T13:52:25","guid":{"rendered":"http:\/\/cceroset.fr\/?page_id=186"},"modified":"2026-04-27T18:19:15","modified_gmt":"2026-04-27T17:19:15","slug":"vos-avantages","status":"publish","type":"page","link":"https:\/\/cceroset.fr\/?page_id=186","title":{"rendered":"Vos avantages"},"content":{"rendered":"\n<p><\/p>\n\n\n<ul>\n<li><a href=\"http:\/\/cceroset.fr\/wp-content\/uploads\/2024\/02\/PERMANENCES-LOCAL-C.pdf\">Permanences local CSE Briord<\/a><\/li>\n<li><a href=\"http:\/\/cceroset.fr\/?page_id=219\">Qui sommes-nous ?<\/a><\/li>\n<li><a href=\"http:\/\/cceroset.fr\/?page_id=620\">Nous contacter<\/a><\/li>\n<li><a href=\"http:\/\/cceroset.fr\/?page_id=535\">Le R\u00f4le du C.S.E<\/a><\/li>\n<li><a href=\"http:\/\/cceroset.fr\/?page_id=585\">R\u00f4le du d\u00e9l\u00e9gu\u00e9 du personnel<\/a><\/li>\n<li><a href=\"http:\/\/cceroset.fr\/?page_id=519\">Info C.S.E<\/a><\/li>\n<li><a href=\"http:\/\/cceroset.fr\/?page_id=182\">Billetterie<\/a><\/li>\n<li><a href=\"http:\/\/cceroset.fr\/?page_id=176\">Vente de Parfums<\/a><\/li>\n<li><a href=\"http:\/\/cceroset.fr\/?page_id=594\">Vente de sirops<\/a><\/li>\n<li><a href=\"http:\/\/cceroset.fr\/?page_id=161\">Galeries d&rsquo;image et vid\u00e9o<\/a><\/li>\n<li><a href=\"http:\/\/cceroset.fr\/?page_id=6246\">Arbre de No\u00ebl 2025<\/a><\/li>\n<li><a href=\"https:\/\/cceroset.fr\/?page_id=10264\">Madeleine Bijou <\/a><\/li>\n<li><a href=\"https:\/\/cceroset.fr\/?page_id=10274\">Hygi\u00e8nes discount <\/a><\/li>\n<li><a href=\"http:\/\/cceroset.fr\/?page_id=12811\">Chocolat De Marlieu<\/a> \u00a0<\/li>\n<li><a href=\"http:\/\/cceroset.fr\/wp-content\/uploads\/2026\/01\/printemps-de-perouge.pdf\">Printemps de P\u00e9rouges\u00a0<\/a><\/li>\n<li><a href=\"https:\/\/cceroset.fr\/?page_id=14324\">Produit Saint Jean\u00a0<\/a> \u00a0 <img loading=\"lazy\" decoding=\"async\" class=\"\" src=\"http:\/\/cceroset.fr\/wp-content\/uploads\/2024\/04\/nouveau.gif\" width=\"98\" height=\"53\" \/><\/li>\n<li>Caf\u00e9 Gaillard\u00a0 <img loading=\"lazy\" decoding=\"async\" class=\"alignnone\" src=\"http:\/\/cceroset.fr\/wp-content\/uploads\/2024\/05\/9876.gif\" width=\"80\" height=\"112\" \/><\/li>\n<\/ul>\n\n\n<p><\/p>\n","protected":false},"excerpt":{"rendered":"<p>Permanences local CSE Briord Qui sommes-nous ? Nous contacter Le R\u00f4le du C.S.E R\u00f4le du d\u00e9l\u00e9gu\u00e9 du personnel Info C.S.E Billetterie Vente de Parfums Vente de sirops Galeries d&rsquo;image et vid\u00e9o Arbre de No\u00ebl 2025 Madeleine Bijou Hygi\u00e8nes discount Chocolat <a class=\"more-link\" href=\"https:\/\/cceroset.fr\/?page_id=186\">Lire plus &#8230;<\/a><\/p>\n","protected":false},"author":1,"featured_media":0,"parent":0,"menu_order":0,"comment_status":"closed","ping_status":"closed","template":"","meta":{"footnotes":""},"class_list":["post-186","page","type-page","status-publish","hentry"],"_links":{"self":[{"href":"https:\/\/cceroset.fr\/index.php?rest_route=\/wp\/v2\/pages\/186","targetHints":{"allow":["GET"]}}],"collection":[{"href":"https:\/\/cceroset.fr\/index.php?rest_route=\/wp\/v2\/pages"}],"about":[{"href":"https:\/\/cceroset.fr\/index.php?rest_route=\/wp\/v2\/types\/page"}],"author":[{"embeddable":true,"href":"https:\/\/cceroset.fr\/index.php?rest_route=\/wp\/v2\/users\/1"}],"replies":[{"embeddable":true,"href":"https:\/\/cceroset.fr\/index.php?rest_route=%2Fwp%2Fv2%2Fcomments&post=186"}],"version-history":[{"count":112,"href":"https:\/\/cceroset.fr\/index.php?rest_route=\/wp\/v2\/pages\/186\/revisions"}],"predecessor-version":[{"id":14346,"href":"https:\/\/cceroset.fr\/index.php?rest_route=\/wp\/v2\/pages\/186\/revisions\/14346"}],"wp:attachment":[{"href":"https:\/\/cceroset.fr\/index.php?rest_route=%2Fwp%2Fv2%2Fmedia&parent=186"}],"curies":[{"name":"wp","href":"https:\/\/api.w.org\/{rel}","templated":true}]}}