{"id":1922,"date":"2018-11-04T09:36:24","date_gmt":"2018-11-04T08:36:24","guid":{"rendered":"http:\/\/cceroset.fr\/?page_id=1922"},"modified":"2018-11-04T19:39:39","modified_gmt":"2018-11-04T18:39:39","slug":"office-de-tourisme-de-sete","status":"publish","type":"page","link":"https:\/\/cceroset.fr\/?page_id=1922","title":{"rendered":"Office de Tourisme de S\u00e8te"},"content":{"rendered":"<h3><strong><em><span style=\"text-decoration: underline;\"><span style=\"color: #0000ff; text-decoration: underline;\">Adresse : Office de tourisme de S\u00e8te<\/span><\/span><\/em><\/strong><\/h3>\n<h4><span style=\"color: #0000ff;\">60, Grand&rsquo;rue Mario Roustan<\/span><\/h4>\n<h4><span style=\"color: #0000ff;\">34200 S\u00e8te<\/span><\/h4>\n<h4><span style=\"color: #0000ff;\">T\u00e9l\u00e9 : 04 99 04 71 71 \/ fax : 04 67 46 17 54<\/span><\/h4>\n<h4><span style=\"color: #0000ff;\">L&rsquo;office est ouvert tous les jours de l&rsquo;ann\u00e9e<\/span><\/h4>\n<h4><span style=\"color: #0000ff;\">(sauf No\u00ebl et jour de l&rsquo;an) D&rsquo;octobre \u00e0 mars :<\/span><\/h4>\n<h4><span style=\"color: #0000ff;\">Du Lundi au vendredi de 9 h 30 \u00e0 12 h 30<\/span><\/h4>\n<h4><span style=\"color: #0000ff;\">dimanche et jours f\u00e9ri\u00e9s de 10 h \u00e0 12 h 30<\/span><\/h4>\n<h4><span style=\"color: #0000ff;\">Avril, mai, juin et septembre : lundi au samedi de 9 h 30 \u00e0 18 h<\/span><\/h4>\n<h4><span style=\"color: #0000ff;\">Dimanche et jours f\u00e9ri\u00e9s de 10 h \u00e0 12 h 30 et de 14 h \u00e0 17 h 30<\/span><\/h4>\n<h4><span style=\"color: #0000ff;\">Juillet Ao\u00fbt : 7j\/7 de 9 h 30 \u00e0 19 h<\/span><\/h4>\n<h4><span style=\"color: #0000ff;\">Pour plus d&rsquo;infos cliquer sur le lien ci-dessous :<\/span><\/h4>\n<h4><a href=\"http:\/\/www.tourisme.fr\/1762\/office-de-tourisme-sete.htm\"><span style=\"color: #000000;\">http:\/\/www.tourisme.fr\/1762\/office-de-tourisme-sete.htm<\/span><\/a><\/h4>\n<p>&nbsp;<\/p>\n","protected":false},"excerpt":{"rendered":"<p>Adresse : Office de tourisme de S\u00e8te 60, Grand&rsquo;rue Mario Roustan 34200 S\u00e8te T\u00e9l\u00e9 : 04 99 04 71 71 \/ fax : 04 67 46 17 54 L&rsquo;office est ouvert tous les jours de l&rsquo;ann\u00e9e (sauf No\u00ebl et jour <a class=\"more-link\" href=\"https:\/\/cceroset.fr\/?page_id=1922\">Lire plus &#8230;<\/a><\/p>\n","protected":false},"author":1,"featured_media":0,"parent":0,"menu_order":0,"comment_status":"closed","ping_status":"closed","template":"","meta":{"footnotes":""},"class_list":["post-1922","page","type-page","status-publish","hentry"],"_links":{"self":[{"href":"https:\/\/cceroset.fr\/index.php?rest_route=\/wp\/v2\/pages\/1922","targetHints":{"allow":["GET"]}}],"collection":[{"href":"https:\/\/cceroset.fr\/index.php?rest_route=\/wp\/v2\/pages"}],"about":[{"href":"https:\/\/cceroset.fr\/index.php?rest_route=\/wp\/v2\/types\/page"}],"author":[{"embeddable":true,"href":"https:\/\/cceroset.fr\/index.php?rest_route=\/wp\/v2\/users\/1"}],"replies":[{"embeddable":true,"href":"https:\/\/cceroset.fr\/index.php?rest_route=%2Fwp%2Fv2%2Fcomments&post=1922"}],"version-history":[{"count":8,"href":"https:\/\/cceroset.fr\/index.php?rest_route=\/wp\/v2\/pages\/1922\/revisions"}],"predecessor-version":[{"id":1932,"href":"https:\/\/cceroset.fr\/index.php?rest_route=\/wp\/v2\/pages\/1922\/revisions\/1932"}],"wp:attachment":[{"href":"https:\/\/cceroset.fr\/index.php?rest_route=%2Fwp%2Fv2%2Fmedia&parent=1922"}],"curies":[{"name":"wp","href":"https:\/\/api.w.org\/{rel}","templated":true}]}}